e the remainder when 3142 is divided by h.
34
Let k = 4 + 14. Let y(z) = z**3 + 10*z**2 - 2*z + 6. Let o be y(-10). Suppose 0 = -8*q + o + 14. Calculate the remainder when k is divided by q.
3
Let j(x) = -26 + x**3 + 3*x**2 + 0*x**3 - 11*x - 9*x**2 + 60. Calculate the remainder when j(8) is divided by 3.
2
Calculate the remainder when (-3)/(-21) + 1 + 1 + (-937)/(-7) is divided by 24.
16
Let g(d) = d**2 + 6*d + 20. Let u(z) = z**2 - 7*z - 12. Let m be u(9). Suppose 2*o + m*o - 48 = 0. What is the remainder when g(-5) is divided by o?
3
Let l(d) = -14*d - 230. Let y be l(-47). Suppose 2*n = 2*j + y, 4*j + 77 = -n + 306. Calculate the remainder when n is divided by 37.
32
Let s(x) = -8*x**3 - x**2 - 7*x + 7. Let c = 106 + -109. Calculate the remainder when s(c) is divided by 14.
11
Suppose 27 = a + 22*j - 17*j, 9 = 2*a + j. Suppose z - a*u = 3*z - 80, 4*u = -12. What is the remainder when 815 is divided by z?
41
Let z be (1 - (-3)/(-6))*10. Let a = 0 + z. Suppose -3*k - 63*k + 11*k = -330. What is the remainder when k is divided by a?
1
Let c = -352 + 371. Suppose 0 = 3*s + 12141 + 1026. What is the remainder when s/(-126) + 1/6 is divided by c?
16
Let n(o) = o**3 + 14*o**2 + 11*o + 16. Let v be n(-13). Suppose 8*m + v = 9*m. What is the remainder when m is divided by (-1)/3*-9*(-15)/(-9)?
2
Let s = 357 - 347. Let i = -16 + 31. Let k = 12 + i. What is the remainder when k is divided by s?
7
Let x(c) = 12*c**3 + 9*c**2 + 2*c + 22. What is the remainder when x(4) is divided by 41?
40
Suppose 0 = k - 7*v + 11*v - 94, v = -5*k + 565. Calculate the remainder when 1018 is divided by k.
106
Suppose 9*b = -4*y + 7*b + 112, -4*b - 36 = -2*y. Let n = -25 - -44. Let x = n - 7. Calculate the remainder when y is divided by x.
2
Let l(w) = -5*w - 1. Let o be l(-1). Suppose 4*q - 4 = 0, o*q + 75 = -4*x - q. What is the remainder when 8/(-10)*1650/x is divided by 17?
15
Suppose -159*m + 28*m = -7336 - 7467. Calculate the remainder when 447 is divided by m.
108
Suppose 126*d = 122*d + 108 + 1832. What is the remainder when d is divided by 147?
44
Let t = -587 + 589. Let c be -3*-1*(-3)/(-9). Suppose 37 = t*h - c. Calculate the remainder when h is divided by 6.
1
Suppose 609 + 3681 = 143*n. What is the remainder when 1793 is divided by n?
23
Let y = 16 - -118. Let g = 229 - y. Calculate the remainder when g is divided by 21.
11
Let z be (9/1)/3 + -6. Let x(f) = -f**3 + 3*f**2 + 4*f - 3. Calculate the remainder when (3 - (-6 - z))/((-6)/(-21)) is divided by x(3).
3
Let w(x) = -529*x - 4877. Calculate the remainder when w(-10) is divided by 9.
8
Suppose 3*u - 4*p - 261 - 102 = 0, 3*u - 2*p - 351 = 0. Calculate the remainder when 438 is divided by u.
99
Let c = 133 + -80. Let k(p) = -43 + 0*p**2 + 6 + 3*p**2 + 0*p**2 + 4*p. What is the remainder when c is divided by k(4)?
26
Suppose 0 = o + 3 - 22. Suppose o*q = 21*q - 28. Suppose -5*l = -7*l + q. What is the remainder when 25 is divided by l?
4
Let d = 1347 + -1325. Calculate the remainder when 70/(-4)*-1*2 is divided by d.
13
Suppose 54 = 5*b - 1. Suppose -b*i = -14*i + 45. Let w(m) = m**2 - 7*m - 2. Calculate the remainder when w(i) is divided by 24.
22
Suppose -4*h - 4*z + 3636 = 0, 6*z + 4590 = 5*h + 2*z. What is the remainder when h is divided by 3?
2
Let r = -1 + -11. Let b = -60 - -68. Calculate the remainder when 4 - (-17 - 2 - r/3) is divided by b.
3
Let k(s) = -1538*s + 6238. Let f = 43 - -36. Suppose 0 = u - 4*i - 47, 1 - f = -2*u + 4*i. Calculate the remainder when k(4) is divided by u.
24
Suppose 28 + 9 = -4*t + 309. Calculate the remainder when 1510 is divided by t.
14
Suppose -n + 2*q = 3*n - 22, -q + 14 = 3*n. Suppose -169 = -4*g - s, -4*g + n*s + 81 + 82 = 0. Calculate the remainder when g is divided by 17.
8
Let z = 2372 + -2278. What is the remainder when z is divided by 91?
3
Suppose -12*c + 30 = -17*c. What is the remainder when (-1)/(-4) + 1912/32 is divided by (124/8)/((-3)/c)?
29
Let k(x) = 79*x**2 - 4*x - 15. Let f be k(-5). Suppose -f = 4*o - 19*o. Calculate the remainder when o is divided by 24.
12
Suppose 192 = j + 2*j. Let v = j + -66. Let t(c) = -7*c**3 - 7*c - 5. What is the remainder when t(v) is divided by 23?
19
Suppose 0 = 2*r + 3*w - 2034, -4*r + 21*w - 17*w = -4128. What is the remainder when r is divided by 335?
21
Suppose 0 = v + 3208*s - 3207*s - 309, -4*v = -2*s - 1200. What is the remainder when 914 is divided by v?
5
Suppose 3*w + 3297 = 5*h, -1356 = -2*h + 20*w - 25*w. What is the remainder when h is divided by 37?
34
Let d be 7/((-245)/55)*-7. Let f(g) = 2*g**2 - 19*g + 22. Calculate the remainder when f(d) is divided by 15.
10
Suppose -239229 + 953163 = 117*z. Calculate the remainder when z is divided by 17.
16
Suppose 4*l - 1190 + 381 = -5*t, 0 = 5*l + 3*t - 995. Calculate the remainder when 375 is divided by l.
179
Suppose -3*m = -m + 3*r - 57, 9 = 3*r. Suppose -4*o + 4 = -2*z + m, 3*o = -2*z - 15. Suppose z = 9*s - 2 - 34. What is the remainder when 9 is divided by s?
1
Let p = -25 + 30. Let o = p - -14. Let w(j) = j**2 - 10*j - 1. What is the remainder when o is divided by w(11)?
9
Suppose 28 - 92 = -4*r. Let d = 30 - r. Calculate the remainder when d/56 - (-23)/4 is divided by 2.
0
Suppose 75*x = 113*x - 5130. Let w = x + 130. Calculate the remainder when w is divided by 19.
18
Calculate the remainder when 4464 is divided by 14365/187 - (144/(-66) - -2).
75
Let i(t) = 19*t**2 - 30*t - 36*t - 39*t - 31*t + 133*t - 2. Let c be 1/(-3) - 4/6. What is the remainder when i(c) is divided by 6?
2
Suppose 110*h + 372 = 111*h. Suppose h = -j + 819. Calculate the remainder when j is divided by 16.
15
Let m be 4/10 + (-18)/45. Suppose -3*x - 3*v = -42, 6*v - v - 20 = m. Calculate the remainder when 59 is divided by x.
9
Suppose -q - 7 + 31 = 0. Let o(w) = -w**3 + 19*w**2 - 30*w - 2. Let c be o(17). Let s = 27 + c. What is the remainder when s is divided by q?
21
Let q = -143 + 317. Suppose -5 = -a, 0 = 4*z + 4*a - 3*a - 2997. Suppose -19*t = -2*t - z. Calculate the remainder when q is divided by t.
42
What is the remainder when 2447 is divided by ((-5798)/78)/(2/(-2))*72/24?
217
Suppose -5*i + 16*w + 181 = 15*w, 2*i = -5*w + 94. Let u(d) = -d**2 - 14*d + 31. Calculate the remainder when i is divided by u(-15).
5
Let c be 744/(-10) + 6/15. Let n = c - -136. Suppose 0 = -5*s - 2*p + 65, -5*s + p + 31 + 34 = 0. Calculate the remainder when n is divided by s.
10
Calculate the remainder when 819 is divided by (2110/(-20) - -5)*22/(-11).
15
Suppose -8 = -5*f + v + 58, 2*f - 2*v = 20. Suppose f*t = 224 + 182. What is the remainder when 58 is divided by t?
0
Let q be (-4008)/160*4 - 2/(-10). Let f(d) = -2*d - 3. Let b be f(-1). Calculate the remainder when q/(-25) - 11/b is divided by 5.
0
Let t(s) = -s**2 + 10*s + 25. Suppose 0 = 5*y + g - 60, 3*g - 53 = -3*y - 5. Calculate the remainder when t(y) is divided by 14.
0
Let c(u) be the first derivative of 7*u**2/2 + u - 10. Let s be c(2). Suppose 5*v + 25 = -3*d + 79, s = v + 2*d. What is the remainder when v is divided by 6?
3
Let r(q) = -15*q**2 + 2*q - 30. Let t be r(7). Let z = t + 783. What is the remainder when z is divided by 23?
9
Let l(p) = -p + 13. Let q be l(8). Suppose -3 = d, -d - d + 189 = q*j. Suppose 10155 = 110*h - 6675. What is the remainder when h is divided by j?
36
Let i(o) = -2*o + 21. Suppose 12*v - 2*v - 30 = 0. Calculate the remainder when 85 is divided by i(v).
10
Suppose 1673 - 633 = 8*v. What is the remainder when 117 is divided by 3 - v/(-6) - 4/6?
21
Suppose -p = -4*k + 4444, 2*k - 64*p = -65*p + 2210. What is the remainder when k is divided by 8?
5
Let z(n) = 2*n**3 - 2*n**2 + n + 13. Let p(v) = -v**3 - v. Let c(m) = -4*p(m) - z(m). What is the remainder when 146/3 + (-1)/(-3) is divided by c(2)?
15
Suppose 8*k - 13*k + 3353 = 3*t, 7*t + 625 = k. Calculate the remainder when k is divided by 227.
213
Suppose -4*w - 951*c + 950*c + 4568 = 0, -6*c - 1142 = -w. What is the remainder when w is divided by 192?
182
Let i(f) = f**2 + 7*f - 547. What is the remainder when 253 is divided by i(-29)?
71
Suppose -y - 3*x + 13 = 0, x + 0*x = 2*y - 5. Suppose 5*o - o = 176. Suppose -3*w + 8 - 20 = 0, 2*w = y*l - o. What is the remainder when 12 is divided by l?
3
Let g = -12059 - -12067. Let m = 62 - 16. What is the